{"id":220,"date":"2017-03-24T16:07:34","date_gmt":"2017-03-24T15:07:34","guid":{"rendered":"http:\/\/universdelapiscine.com\/?page_id=220"},"modified":"2025-02-04T21:26:18","modified_gmt":"2025-02-04T20:26:18","slug":"entretien","status":"publish","type":"page","link":"https:\/\/universdelapiscine.com\/index.php\/entretien\/","title":{"rendered":"Mise en route et hivernage"},"content":{"rendered":"<hr \/>\n<p><a href=\"https:\/\/i0.wp.com\/universdelapiscine.com\/wp-content\/uploads\/2017\/03\/Carte-Printemps-4.webp\"><img data-recalc-dims=\"1\" loading=\"lazy\" decoding=\"async\" data-attachment-id=\"221\" data-permalink=\"https:\/\/universdelapiscine.com\/index.php\/entretien\/carte-printemps-4\/\" data-orig-file=\"https:\/\/i0.wp.com\/universdelapiscine.com\/wp-content\/uploads\/2017\/03\/Carte-Printemps-4.webp?fit=498%2C296&amp;ssl=1\" data-orig-size=\"498,296\" data-comments-opened=\"1\" data-image-meta=\"{&quot;aperture&quot;:&quot;0&quot;,&quot;credit&quot;:&quot;&quot;,&quot;camera&quot;:&quot;&quot;,&quot;caption&quot;:&quot;&quot;,&quot;created_timestamp&quot;:&quot;0&quot;,&quot;copyright&quot;:&quot;&quot;,&quot;focal_length&quot;:&quot;0&quot;,&quot;iso&quot;:&quot;0&quot;,&quot;shutter_speed&quot;:&quot;0&quot;,&quot;title&quot;:&quot;&quot;,&quot;orientation&quot;:&quot;0&quot;}\" data-image-title=\"Carte-Printemps-4\" data-image-description=\"\" data-image-caption=\"\" data-medium-file=\"https:\/\/i0.wp.com\/universdelapiscine.com\/wp-content\/uploads\/2017\/03\/Carte-Printemps-4.webp?fit=300%2C178&amp;ssl=1\" data-large-file=\"https:\/\/i0.wp.com\/universdelapiscine.com\/wp-content\/uploads\/2017\/03\/Carte-Printemps-4.webp?fit=498%2C296&amp;ssl=1\" class=\"aligncenter size-medium wp-image-221\" src=\"https:\/\/i0.wp.com\/universdelapiscine.com\/wp-content\/uploads\/2017\/03\/Carte-Printemps-4.webp?resize=300%2C178\" alt=\"\" width=\"300\" height=\"178\" srcset=\"https:\/\/i0.wp.com\/universdelapiscine.com\/wp-content\/uploads\/2017\/03\/Carte-Printemps-4.webp?resize=300%2C178&amp;ssl=1 300w, https:\/\/i0.wp.com\/universdelapiscine.com\/wp-content\/uploads\/2017\/03\/Carte-Printemps-4.webp?w=498&amp;ssl=1 498w\" sizes=\"auto, (max-width: 300px) 100vw, 300px\" \/><\/a><\/p>\n<h2 style=\"text-align: center;\">MISE EN \u00a0ROUTE<\/h2>\n<p style=\"text-align: left;\"><strong>La mise en route de la piscine est une \u00e9tape primordiale<\/strong> de l&rsquo;entretien de la piscine, car bien effectu\u00e9e elle permettra un entretien plus ais\u00e9e du bassin tout au long de la saison.<\/p>\n<p style=\"text-align: left;\">Id\u00e9alement elle doit \u00eatre effectu\u00e9 \u00e0 une temp\u00e9rature d&rsquo;eau <strong>avoisinant les 13 \u00b0C<\/strong>, \u00a0afin d&rsquo;\u00e9viter de renouveler une eau chaude si des correctifs sont \u00e0 apporter. Egalement pour \u00e9viter que l&rsquo;eau ne d\u00e9passe\u00a0les 15 \u00b0C, c&rsquo;est en effet le seuil auquel la temp\u00e9rature de l&rsquo;eau devient prolifique au d\u00e9veloppement d&rsquo;algues.<\/p>\n<p style=\"text-align: left;\">Nous proposons deux packs mise en route :<\/p>\n<h4 style=\"text-align: left;\"><strong>Pack Eco<\/strong> comprenant ( 1\u00a0visite\u00a0) :<\/h4>\n<ul>\n<li style=\"text-align: left;\">D\u00e9b\u00e2chage du bassin, extraction des flotteurs, remise en service des diff\u00e9rentes pi\u00e8ces \u00e0 sceller de la piscine. ( Sans nettoyage de\u00a0la b\u00e2che )<\/li>\n<li style=\"text-align: left;\">La remise en route et v\u00e9rification des diff\u00e9rents \u00e9quipements de filtration : Pompes, filtre, syst\u00e8me de traitement d&rsquo;eau, \u00e9l\u00e9ment de chauffage &#8230;..<\/li>\n<li style=\"text-align: left;\">Analyse de l&rsquo;\u00e9quilibre de l&rsquo;eau et pr\u00e9conisations.<\/li>\n<\/ul>\n<h4 style=\"text-align: left;\"><strong>Pack Complet ( 1 ou\u00a0plusieurs visites en fonction des correctifs )<\/strong><\/h4>\n<ul>\n<li style=\"text-align: left;\">D\u00e9b\u00e2chage du bassin, extraction des flotteurs, remise en service des diff\u00e9rentes pi\u00e8ces \u00e0 sceller de la piscine. ( Avec nettoyage de\u00a0la b\u00e2che )<\/li>\n<li style=\"text-align: left;\">La remise en route et v\u00e9rification des diff\u00e9rents \u00e9quipements de filtration : Pompes, filtre, syst\u00e8me de traitement d&rsquo;eau, \u00e9l\u00e9ment de chauffage &#8230;..<\/li>\n<li style=\"text-align: left;\">Nettoyage complet du bassin et des accessoires de la piscine.<\/li>\n<li>R\u00e9\u00e9quilibrage de l&rsquo;\u00e9quilibre de l&rsquo;eau et traitement du bassin *.<\/li>\n<\/ul>\n<p>* Les produits sont en sus<\/p>\n<p>[powr-button id=7765f19f_1490368199626]<\/p>\n<hr \/>\n<p>&nbsp;<\/p>\n<p style=\"text-align: center;\">[powr-image-slider id=fb79d3f6_1490376345038]<\/p>\n<h2 style=\"text-align: center;\">HIVERNAGE<\/h2>\n<p style=\"text-align: left;\"><strong>L&rsquo;hivernage de la piscine sert \u00e0 prot\u00e9ger le bassin contre les agressions de l&rsquo;hiver. <\/strong>Son but est double.<\/p>\n<p style=\"text-align: left;\">Il doit permettre une conservation optimum de l&rsquo;eau durant la p\u00e9riode hivernale, afin de retrouver une eau saine en d\u00e9but de saison, et ainsi une r\u00e9utilisation de l&rsquo;eau avec <strong>un gain optimis\u00e9 en consommation d&rsquo;eau et produits chimiques<\/strong>.<\/p>\n<p style=\"text-align: left;\">Il sert \u00e9galement \u00e0 <strong>prot\u00e9ger la structure<\/strong> (ma\u00e7onnerie \u00e9tanch\u00e9it\u00e9 &#8230;) et les diff\u00e9rents \u00e9l\u00e9ments de filtration ( blocs de filtration pompe filtre pi\u00e8ces a sceller&#8230; ) contre les <strong>agressions de l&rsquo;hiver<\/strong> et plus particuli\u00e8rement <strong>le gel<\/strong>.<\/p>\n<p style=\"text-align: left;\">Nous proposons deux packs mise en route :<\/p>\n<h4 style=\"text-align: left;\"><strong>Pack Eco<\/strong>\u00a0:<\/h4>\n<ul>\n<li style=\"text-align: left;\">Analyse et r\u00e9glage de l&rsquo;\u00e9quilibre de l&rsquo;eau.<\/li>\n<li style=\"text-align: left;\">Mise en place des flotteurs, vidange\u00a0des diff\u00e9rentes canalisations de la piscine skimmer prise balai refoulement mise en place de diff\u00e9rents bouchons &#8230;<\/li>\n<li style=\"text-align: left;\">vidange et pr\u00e9paration pour l&rsquo;hiver\u00a0des diff\u00e9rents \u00e9quipements de filtration : pompes, filtre, syst\u00e8me de traitement d&rsquo;eau, \u00e9l\u00e9ment de chauffage &#8230;..<\/li>\n<\/ul>\n<h4 style=\"text-align: left;\"><strong>Pack Complet<\/strong>\u00a0:<\/h4>\n<ul>\n<li style=\"text-align: left;\">Analyse et r\u00e9glage de l&rsquo;\u00e9quilibre de l&rsquo;eau.<\/li>\n<li style=\"text-align: left;\">Mise en place des flotteurs, vidange\u00a0des diff\u00e9rentes canalisations de la piscine skimmer prise balai refoulement mise en place de diff\u00e9rents bouchons &#8230;<\/li>\n<li style=\"text-align: left;\">vidange et pr\u00e9paration pour l&rsquo;hiver\u00a0des diff\u00e9rents \u00e9quipements de filtration : pompes, filtre, syst\u00e8me de traitement d&rsquo;eau, \u00e9l\u00e9ment de chauffage &#8230;..<\/li>\n<li style=\"text-align: left;\">Nettoyage complet du bassin et des accessoires de la piscine.<\/li>\n<li style=\"text-align: left;\">Mise en place de la b\u00e2che<\/li>\n<\/ul>\n<p>[powr-button id=7765f19f_1490368199626]<\/p>\n<hr \/>\n<p>&nbsp;<\/p>\n<hr \/>\n","protected":false},"excerpt":{"rendered":"<p>MISE EN \u00a0ROUTE La mise en route de la piscine est une \u00e9tape primordiale de l&rsquo;entretien de la piscine, car bien effectu\u00e9e elle permettra un entretien plus ais\u00e9e du bassin &#8230;<\/p>\n","protected":false},"author":1,"featured_media":0,"parent":0,"menu_order":0,"comment_status":"closed","ping_status":"closed","template":"","meta":{"jetpack_post_was_ever_published":false,"footnotes":""},"class_list":["post-220","page","type-page","status-publish","hentry"],"jetpack_sharing_enabled":true,"jetpack_shortlink":"https:\/\/wp.me\/P8yFWr-3y","jetpack-related-posts":[],"_links":{"self":[{"href":"https:\/\/universdelapiscine.com\/index.php\/wp-json\/wp\/v2\/pages\/220","targetHints":{"allow":["GET"]}}],"collection":[{"href":"https:\/\/universdelapiscine.com\/index.php\/wp-json\/wp\/v2\/pages"}],"about":[{"href":"https:\/\/universdelapiscine.com\/index.php\/wp-json\/wp\/v2\/types\/page"}],"author":[{"embeddable":true,"href":"https:\/\/universdelapiscine.com\/index.php\/wp-json\/wp\/v2\/users\/1"}],"replies":[{"embeddable":true,"href":"https:\/\/universdelapiscine.com\/index.php\/wp-json\/wp\/v2\/comments?post=220"}],"version-history":[{"count":18,"href":"https:\/\/universdelapiscine.com\/index.php\/wp-json\/wp\/v2\/pages\/220\/revisions"}],"predecessor-version":[{"id":435,"href":"https:\/\/universdelapiscine.com\/index.php\/wp-json\/wp\/v2\/pages\/220\/revisions\/435"}],"wp:attachment":[{"href":"https:\/\/universdelapiscine.com\/index.php\/wp-json\/wp\/v2\/media?parent=220"}],"curies":[{"name":"wp","href":"https:\/\/api.w.org\/{rel}","templated":true}]}}