{"id":275,"date":"2017-03-28T11:50:24","date_gmt":"2017-03-28T09:50:24","guid":{"rendered":"http:\/\/universdelapiscine.com\/?page_id=275"},"modified":"2017-03-30T10:13:29","modified_gmt":"2017-03-30T08:13:29","slug":"chauffage","status":"publish","type":"page","link":"https:\/\/universdelapiscine.com\/index.php\/chauffage\/","title":{"rendered":"Chauffage"},"content":{"rendered":"<h2><strong>Quel chauffage pour l\u2019eau de votre piscine\u00a0?<\/strong><\/h2>\n<p>La temp\u00e9rature id\u00e9ale de l\u2019eau se situe autour de <strong>28\u00b0C<\/strong>. rarement obtenu ou ponctuellement en fonction des al\u00e9as climatiques\u00a0, \u00e0 moins d\u2019avoir un chauffage de piscine efficace.<\/p>\n<p>Il existe diff\u00e9rents syst\u00e8me \u00a0de chauffage plus ou moins efficaces, avec des co\u00fbts et des rendements diff\u00e9rents<\/p>\n<ul>\n<li>Le r\u00e9chauffeur \u00e9lectrique \u00a0est le plus facile\u00a0\u00e0 installer. Il chauffe l\u2019eau de la piscine juste apr\u00e8s sa filtration. Puisqu&rsquo;il consomme de l\u2019\u00e9lectricit\u00e9, il vaut mieux l\u2019utiliser en appoint .[powr-image-slider id=440bcff9_1490860913162]<\/li>\n<\/ul>\n<p>&nbsp;<\/p>\n<ul>\n<li>La pompe \u00e0 chaleur de piscine utilise la chaleur de l\u2019air pour r\u00e9chauffer l\u2019eau. L\u2019installation d\u2019une pompe \u00e0 chaleur est plus on\u00e9reuse \u00e0 l&rsquo;achat, mais\u00a0s&rsquo;amortit rapidement (en fonction du bassin sur une p\u00e9riode d&rsquo;environ 4 \u00e0 5 saisons)\u00a0mais l\u2019eau est efficacement r\u00e9chauff\u00e9e, \u00e0 long terme.[powr-image-slider id=c50724f0_1490861130340]<\/li>\n<\/ul>\n<ul>\n<li>Le chauffage solaire fonctionne comme pour le chauffage domestique.<\/li>\n<\/ul>\n<p>Des absorbeurs\u00a0solaires sont install\u00e9s sur le toit\u00a0de la maison et reli\u00e9s au syst\u00e8me de filtration\u00a0de la piscine. Le chauffage solaire de piscine chauffe l\u2019eau gr\u00e2ce aux rayons du soleil. L\u2019inconv\u00e9nient est que le rendement ne peut pas \u00eatre r\u00e9ellement quantifi\u00e9. Son installation demande une surface de toiture importante et bien expos\u00e9, ce qui n&rsquo;est pas toujours r\u00e9uni.<\/p>\n<p>Cependant lorsque ses conditions sont r\u00e9unis. on observe un gain de temp\u00e9rature d&rsquo;environ 5\u00b0C de la temp\u00e9rature d&rsquo;eau pour un co\u00fbt d&rsquo;exploitation nul.[powr-image-slider id=188cb999_1490861141195]<\/p>\n<p>D&rsquo;autres syst\u00e8mes existent pour\u00a0chauffer l\u2019eau de votre piscine \u00e0 l&rsquo;aide de votre <strong>chaudi\u00e8re<\/strong> au gaz ou au fioul, par le biais d&rsquo;\u00e9changeurs notamment.<\/p>\n<p>Dans tous les cas <strong>l&rsquo;univers de la piscine, vous pr\u00e9conisera une \u00e9tude thermique et une \u00e9tude de votre installation, afin de choisir au mieux le syst\u00e8me qui vous convient<\/strong>.<\/p>\n<div class=\"wrapper_gp_div margin20\"><\/div>\n<h2><\/h2>\n","protected":false},"excerpt":{"rendered":"<p>Quel chauffage pour l\u2019eau de votre piscine\u00a0? La temp\u00e9rature id\u00e9ale de l\u2019eau se situe autour de 28\u00b0C. rarement obtenu ou ponctuellement en fonction des al\u00e9as climatiques\u00a0, \u00e0 moins d\u2019avoir un &#8230;<\/p>\n","protected":false},"author":1,"featured_media":0,"parent":0,"menu_order":0,"comment_status":"closed","ping_status":"closed","template":"","meta":{"jetpack_post_was_ever_published":false,"footnotes":""},"class_list":["post-275","page","type-page","status-publish","hentry"],"jetpack_sharing_enabled":true,"jetpack_shortlink":"https:\/\/wp.me\/P8yFWr-4r","jetpack-related-posts":[],"_links":{"self":[{"href":"https:\/\/universdelapiscine.com\/index.php\/wp-json\/wp\/v2\/pages\/275","targetHints":{"allow":["GET"]}}],"collection":[{"href":"https:\/\/universdelapiscine.com\/index.php\/wp-json\/wp\/v2\/pages"}],"about":[{"href":"https:\/\/universdelapiscine.com\/index.php\/wp-json\/wp\/v2\/types\/page"}],"author":[{"embeddable":true,"href":"https:\/\/universdelapiscine.com\/index.php\/wp-json\/wp\/v2\/users\/1"}],"replies":[{"embeddable":true,"href":"https:\/\/universdelapiscine.com\/index.php\/wp-json\/wp\/v2\/comments?post=275"}],"version-history":[{"count":5,"href":"https:\/\/universdelapiscine.com\/index.php\/wp-json\/wp\/v2\/pages\/275\/revisions"}],"predecessor-version":[{"id":329,"href":"https:\/\/universdelapiscine.com\/index.php\/wp-json\/wp\/v2\/pages\/275\/revisions\/329"}],"wp:attachment":[{"href":"https:\/\/universdelapiscine.com\/index.php\/wp-json\/wp\/v2\/media?parent=275"}],"curies":[{"name":"wp","href":"https:\/\/api.w.org\/{rel}","templated":true}]}}